{"id":25,"date":"2019-02-20T10:16:28","date_gmt":"2019-02-20T09:16:28","guid":{"rendered":"http:\/\/rare-archive.univ-avignon.fr\/?page_id=25"},"modified":"2019-04-12T11:19:48","modified_gmt":"2019-04-12T09:19:48","slug":"sav","status":"publish","type":"page","link":"https:\/\/rare.univ-avignon.fr\/?page_id=25","title":{"rendered":"SAV"},"content":{"rendered":"<p>Vous devez \u00eatre connect\u00e9 pour acc\u00e9der au contenu de la page :\u00a0<a href=\"https:\/\/rare.univ-avignon.fr\/login\">Connexion<\/a><\/p>\n","protected":false},"excerpt":{"rendered":"<p>Vous devez \u00eatre connect\u00e9 pour acc\u00e9der au contenu de la page :\u00a0Connexion<\/p>\n","protected":false},"author":127,"featured_media":0,"parent":0,"menu_order":0,"comment_status":"closed","ping_status":"closed","template":"page-templates\/full-width.php","meta":{"footnotes":""},"class_list":["post-25","page","type-page","status-publish","hentry"],"_links":{"self":[{"href":"https:\/\/rare.univ-avignon.fr\/index.php?rest_route=\/wp\/v2\/pages\/25","targetHints":{"allow":["GET"]}}],"collection":[{"href":"https:\/\/rare.univ-avignon.fr\/index.php?rest_route=\/wp\/v2\/pages"}],"about":[{"href":"https:\/\/rare.univ-avignon.fr\/index.php?rest_route=\/wp\/v2\/types\/page"}],"author":[{"embeddable":true,"href":"https:\/\/rare.univ-avignon.fr\/index.php?rest_route=\/wp\/v2\/users\/127"}],"replies":[{"embeddable":true,"href":"https:\/\/rare.univ-avignon.fr\/index.php?rest_route=%2Fwp%2Fv2%2Fcomments&post=25"}],"version-history":[{"count":8,"href":"https:\/\/rare.univ-avignon.fr\/index.php?rest_route=\/wp\/v2\/pages\/25\/revisions"}],"predecessor-version":[{"id":349,"href":"https:\/\/rare.univ-avignon.fr\/index.php?rest_route=\/wp\/v2\/pages\/25\/revisions\/349"}],"wp:attachment":[{"href":"https:\/\/rare.univ-avignon.fr\/index.php?rest_route=%2Fwp%2Fv2%2Fmedia&parent=25"}],"curies":[{"name":"wp","href":"https:\/\/api.w.org\/{rel}","templated":true}]}}