{"id":22,"date":"2019-02-20T10:16:12","date_gmt":"2019-02-20T09:16:12","guid":{"rendered":"http:\/\/rare-archive.univ-avignon.fr\/?page_id=22"},"modified":"2026-01-07T16:36:15","modified_gmt":"2026-01-07T15:36:15","slug":"contact-pub","status":"publish","type":"page","link":"https:\/\/rare.univ-avignon.fr\/?page_id=22","title":{"rendered":"Contact public"},"content":{"rendered":"<ul>\n<li>Mail :\u00a0<a href=\"mailto:rare@univ-avignon.fr\">rare@univ-avignon.fr<\/a><\/li>\n<li>T\u00e9l :\u00a0<a href=\"tel:+33490162600\">+33 4 90 16 26 00<\/a><\/li>\n<li>Adresse :<br \/>\n<span id=\"adress\"><strong>RARE &#8211; Direction Op\u00e9rationnelle des Syst\u00e8mes d&rsquo;Information<\/strong><br \/>\nUniversit\u00e9 d&rsquo;Avignon et des Pays de Vaucluse<br \/>\n74 rue Louis Pasteur<br \/>\n84029 AVIGNON CEDEX 1<\/span><\/li>\n<\/ul>\n","protected":false},"excerpt":{"rendered":"<p>Mail :\u00a0rare@univ-avignon.fr T\u00e9l :\u00a0+33 4 90 16 26 00 Adresse : RARE &#8211; Direction Op\u00e9rationnelle des Syst\u00e8mes d&rsquo;Information Universit\u00e9 d&rsquo;Avignon et des Pays de Vaucluse 74 rue Louis Pasteur 84029 AVIGNON CEDEX 1<\/p>\n","protected":false},"author":7,"featured_media":0,"parent":0,"menu_order":0,"comment_status":"closed","ping_status":"closed","template":"page-templates\/full-width.php","meta":{"footnotes":""},"class_list":["post-22","page","type-page","status-publish","hentry"],"_links":{"self":[{"href":"https:\/\/rare.univ-avignon.fr\/index.php?rest_route=\/wp\/v2\/pages\/22","targetHints":{"allow":["GET"]}}],"collection":[{"href":"https:\/\/rare.univ-avignon.fr\/index.php?rest_route=\/wp\/v2\/pages"}],"about":[{"href":"https:\/\/rare.univ-avignon.fr\/index.php?rest_route=\/wp\/v2\/types\/page"}],"author":[{"embeddable":true,"href":"https:\/\/rare.univ-avignon.fr\/index.php?rest_route=\/wp\/v2\/users\/7"}],"replies":[{"embeddable":true,"href":"https:\/\/rare.univ-avignon.fr\/index.php?rest_route=%2Fwp%2Fv2%2Fcomments&post=22"}],"version-history":[{"count":3,"href":"https:\/\/rare.univ-avignon.fr\/index.php?rest_route=\/wp\/v2\/pages\/22\/revisions"}],"predecessor-version":[{"id":347,"href":"https:\/\/rare.univ-avignon.fr\/index.php?rest_route=\/wp\/v2\/pages\/22\/revisions\/347"}],"wp:attachment":[{"href":"https:\/\/rare.univ-avignon.fr\/index.php?rest_route=%2Fwp%2Fv2%2Fmedia&parent=22"}],"curies":[{"name":"wp","href":"https:\/\/api.w.org\/{rel}","templated":true}]}}